{"id":886,"date":"2025-11-14T21:20:34","date_gmt":"2025-11-14T21:20:34","guid":{"rendered":"https:\/\/www.islandpferde-wenzel.at\/?page_id=886"},"modified":"2026-01-20T15:52:54","modified_gmt":"2026-01-20T15:52:54","slug":"verein","status":"publish","type":"page","link":"https:\/\/www.islandpferde-wenzel.at\/?page_id=886","title":{"rendered":"Verein"},"content":{"rendered":"\n<h2 class=\"wp-block-heading has-vivid-cyan-blue-color has-text-color\"><strong>Verein Islandpferdehof Mooskirchen<\/strong><\/h2>\n\n\n\n<p class=\"has-medium-font-size\">Unser Verein ist Mitglied der \u00d6IV (\u00d6sterreichische Islandpferde Vereinigung) und des STPS (Steirischer Pferdesportverband), welcher Teil des OEPS (\u00d6sterreichischer Pferdesportverband) ist. Weiters sind wir Mitglied beim ASV\u00d6.<\/p>\n\n\n\n<p class=\"has-medium-font-size\">Ziele: F\u00f6rderung der Ausbildung durch Abhaltung von Reitabzeichen, Fortbildungskursen f\u00fcr AusbildnerInnen. Teilnahme am Turniersport und an Zuchtveranstaltungen. Weiters F\u00f6rderung des Freizeitreitens, Abhaltung von Freizeitevents, Jugendf\u00f6rderung, Erziehung zu sportlichem, teamf\u00e4higen Verhalten gegen\u00fcber Pferd und ReitkollegInnen, vorbildhaftes Leben des Tierschutzgedankens.<\/p>\n\n\n\n<p class=\"has-medium-font-size\">Kontakt f\u00fcr Anmeldungen: Monika Wenzel<\/p>\n\n\n\n<p class=\"has-medium-font-size\">Spenden und ehrenamtliche Mitarbeit sind jederzeit willkommen!<\/p>\n\n\n\n<h2 class=\"wp-block-heading\"><strong>Unsere Vorstandsmitglieder:<\/strong><\/h2>\n\n\n\n<h3 class=\"wp-block-heading has-medium-font-size\">Obfrau: Monika Wenzel<\/h3>\n\n\n\n<figure class=\"wp-block-image size-large\"><img loading=\"lazy\" decoding=\"async\" width=\"1024\" height=\"681\" src=\"http:\/\/www.islandpferde-wenzel.at\/wp-content\/uploads\/2025\/01\/Moni-1024x681.jpg\" alt=\"\" class=\"wp-image-904\" srcset=\"https:\/\/www.islandpferde-wenzel.at\/wp-content\/uploads\/2025\/01\/Moni-1024x681.jpg 1024w, https:\/\/www.islandpferde-wenzel.at\/wp-content\/uploads\/2025\/01\/Moni-300x200.jpg 300w, https:\/\/www.islandpferde-wenzel.at\/wp-content\/uploads\/2025\/01\/Moni-768x511.jpg 768w, https:\/\/www.islandpferde-wenzel.at\/wp-content\/uploads\/2025\/01\/Moni-1536x1022.jpg 1536w, https:\/\/www.islandpferde-wenzel.at\/wp-content\/uploads\/2025\/01\/Moni-619x412.jpg 619w, https:\/\/www.islandpferde-wenzel.at\/wp-content\/uploads\/2025\/01\/Moni.jpg 2048w\" sizes=\"auto, (max-width: 1024px) 100vw, 1024px\" \/><\/figure>\n\n\n\n<p><\/p>\n\n\n\n<p class=\"has-white-color has-text-color has-link-color wp-elements-5cc050019e1409c6c654a23b07cd0d57\">XXXXXXXXXXXXX<\/p>\n\n\n\n<h3 class=\"wp-block-heading has-medium-font-size\">Obfrau Stellvertreterin und Sportreferentin: Karo Wenzel<\/h3>\n\n\n\n<figure class=\"wp-block-image size-large\"><img loading=\"lazy\" decoding=\"async\" width=\"1024\" height=\"683\" src=\"http:\/\/www.islandpferde-wenzel.at\/wp-content\/uploads\/2025\/01\/Karo-1024x683.jpg\" alt=\"\" class=\"wp-image-903\" srcset=\"https:\/\/www.islandpferde-wenzel.at\/wp-content\/uploads\/2025\/01\/Karo-1024x683.jpg 1024w, https:\/\/www.islandpferde-wenzel.at\/wp-content\/uploads\/2025\/01\/Karo-300x200.jpg 300w, https:\/\/www.islandpferde-wenzel.at\/wp-content\/uploads\/2025\/01\/Karo-768x512.jpg 768w, https:\/\/www.islandpferde-wenzel.at\/wp-content\/uploads\/2025\/01\/Karo-1536x1025.jpg 1536w, https:\/\/www.islandpferde-wenzel.at\/wp-content\/uploads\/2025\/01\/Karo-619x413.jpg 619w, https:\/\/www.islandpferde-wenzel.at\/wp-content\/uploads\/2025\/01\/Karo.jpg 2048w\" sizes=\"auto, (max-width: 1024px) 100vw, 1024px\" \/><\/figure>\n\n\n\n<h2 class=\"wp-block-heading has-white-color has-text-color has-link-color wp-elements-252f70de31c25aa5a6ff59f1e07672ce\">xxxxxxxxxxxxxxxxxxxxx<\/h2>\n\n\n\n<p><\/p>\n\n\n\n<h3 class=\"wp-block-heading has-medium-font-size\">Schriftf\u00fchrer und Jugendreferentin: Kerstin Baumgartner<\/h3>\n\n\n\n<figure class=\"wp-block-image size-large\"><img loading=\"lazy\" decoding=\"async\" width=\"1024\" height=\"681\" src=\"http:\/\/www.islandpferde-wenzel.at\/wp-content\/uploads\/2025\/01\/Kerstin-1024x681.jpg\" alt=\"\" class=\"wp-image-905\" srcset=\"https:\/\/www.islandpferde-wenzel.at\/wp-content\/uploads\/2025\/01\/Kerstin-1024x681.jpg 1024w, https:\/\/www.islandpferde-wenzel.at\/wp-content\/uploads\/2025\/01\/Kerstin-300x200.jpg 300w, https:\/\/www.islandpferde-wenzel.at\/wp-content\/uploads\/2025\/01\/Kerstin-768x511.jpg 768w, https:\/\/www.islandpferde-wenzel.at\/wp-content\/uploads\/2025\/01\/Kerstin-1536x1022.jpg 1536w, https:\/\/www.islandpferde-wenzel.at\/wp-content\/uploads\/2025\/01\/Kerstin-619x412.jpg 619w, https:\/\/www.islandpferde-wenzel.at\/wp-content\/uploads\/2025\/01\/Kerstin.jpg 2048w\" sizes=\"auto, (max-width: 1024px) 100vw, 1024px\" \/><\/figure>\n\n\n\n<p class=\"has-white-color has-text-color has-link-color wp-elements-0eb3073c8bb10f649adcd931bdfffbda\">XXXXXXXXXXXXXX<\/p>\n\n\n\n<p><\/p>\n\n\n\n<h3 class=\"wp-block-heading has-medium-font-size\">Schriftf\u00fchrer Stellvertreter: Sabrina Hammer<\/h3>\n\n\n\n<h2 class=\"wp-block-heading has-white-color has-text-color has-link-color wp-elements-5c1f1af5a0771fbecb5c31c033d84dbf\">xxxxx<\/h2>\n\n\n\n<p><\/p>\n\n\n\n<h3 class=\"wp-block-heading has-medium-font-size\">Kassier: Herwig Sch\u00f6fer<\/h3>\n\n\n\n<figure class=\"wp-block-image size-large\"><img loading=\"lazy\" decoding=\"async\" width=\"1024\" height=\"683\" src=\"http:\/\/www.islandpferde-wenzel.at\/wp-content\/uploads\/2025\/01\/Herwig-1024x683.jpg\" alt=\"\" class=\"wp-image-902\" srcset=\"https:\/\/www.islandpferde-wenzel.at\/wp-content\/uploads\/2025\/01\/Herwig-1024x683.jpg 1024w, https:\/\/www.islandpferde-wenzel.at\/wp-content\/uploads\/2025\/01\/Herwig-300x200.jpg 300w, https:\/\/www.islandpferde-wenzel.at\/wp-content\/uploads\/2025\/01\/Herwig-768x512.jpg 768w, https:\/\/www.islandpferde-wenzel.at\/wp-content\/uploads\/2025\/01\/Herwig-1536x1025.jpg 1536w, https:\/\/www.islandpferde-wenzel.at\/wp-content\/uploads\/2025\/01\/Herwig-619x413.jpg 619w, https:\/\/www.islandpferde-wenzel.at\/wp-content\/uploads\/2025\/01\/Herwig.jpg 2048w\" sizes=\"auto, (max-width: 1024px) 100vw, 1024px\" \/><\/figure>\n\n\n\n<h3 class=\"wp-block-heading\"><\/h3>\n\n\n\n<h2 class=\"wp-block-heading has-white-color has-text-color has-link-color wp-elements-a7715ae9da810381ba0b4648d316852d\">xxxxxxxxxxxxxxxxxxx<\/h2>\n\n\n\n<h3 class=\"wp-block-heading has-medium-font-size\">Jugendreferent Stellvertreter: Sabrina Pirmajer<\/h3>\n\n\n\n<figure class=\"wp-block-image size-full\"><img loading=\"lazy\" decoding=\"async\" width=\"565\" height=\"565\" src=\"http:\/\/www.islandpferde-wenzel.at\/wp-content\/uploads\/2022\/06\/Sabrina-1-edited.jpeg\" alt=\"\" class=\"wp-image-784\" srcset=\"https:\/\/www.islandpferde-wenzel.at\/wp-content\/uploads\/2022\/06\/Sabrina-1-edited.jpeg 565w, https:\/\/www.islandpferde-wenzel.at\/wp-content\/uploads\/2022\/06\/Sabrina-1-edited-300x300.jpeg 300w, https:\/\/www.islandpferde-wenzel.at\/wp-content\/uploads\/2022\/06\/Sabrina-1-edited-150x150.jpeg 150w\" sizes=\"auto, (max-width: 565px) 100vw, 565px\" \/><\/figure>\n\n\n\n<h2 class=\"wp-block-heading has-white-color has-text-color has-link-color wp-elements-a7b6c128ad063c069da4353563534e63\">xxxxxxxxxxxxxxxxx<\/h2>\n\n\n\n<p><\/p>\n\n\n\n<h3 class=\"wp-block-heading has-medium-font-size\">\u00d6ffentlichkeitsreferent: Anita Martens<\/h3>\n\n\n\n<figure class=\"wp-block-image size-large\"><img loading=\"lazy\" decoding=\"async\" width=\"1024\" height=\"683\" src=\"http:\/\/www.islandpferde-wenzel.at\/wp-content\/uploads\/2025\/01\/Anita-1024x683.jpg\" alt=\"\" class=\"wp-image-906\" srcset=\"https:\/\/www.islandpferde-wenzel.at\/wp-content\/uploads\/2025\/01\/Anita-1024x683.jpg 1024w, https:\/\/www.islandpferde-wenzel.at\/wp-content\/uploads\/2025\/01\/Anita-300x200.jpg 300w, https:\/\/www.islandpferde-wenzel.at\/wp-content\/uploads\/2025\/01\/Anita-768x512.jpg 768w, https:\/\/www.islandpferde-wenzel.at\/wp-content\/uploads\/2025\/01\/Anita-1536x1025.jpg 1536w, https:\/\/www.islandpferde-wenzel.at\/wp-content\/uploads\/2025\/01\/Anita-619x413.jpg 619w, https:\/\/www.islandpferde-wenzel.at\/wp-content\/uploads\/2025\/01\/Anita.jpg 2048w\" sizes=\"auto, (max-width: 1024px) 100vw, 1024px\" \/><\/figure>\n\n\n\n<h2 class=\"wp-block-heading has-white-color has-text-color has-link-color wp-elements-5b9d5972076536665ba4ad9db39b44ab\">xxxxxxxxxxxxxxxxxx<\/h2>\n\n\n\n<p><\/p>\n\n\n\n<h3 class=\"wp-block-heading has-medium-font-size\">Kassapr\u00fcfer: Peter Tinnacher<\/h3>\n\n\n\n<h3 class=\"wp-block-heading has-medium-font-size\">Kassapr\u00fcfer Stellvertreter: Mag. Christoph Rappold<\/h3>\n\n\n\n<p><\/p>\n\n\n\n<figure class=\"wp-block-gallery has-nested-images columns-default is-cropped wp-block-gallery-1 is-layout-flex wp-block-gallery-is-layout-flex\">\n<figure class=\"wp-block-image size-large\"><img loading=\"lazy\" decoding=\"async\" width=\"300\" height=\"300\" data-id=\"1013\" src=\"https:\/\/www.islandpferde-wenzel.at\/wp-content\/uploads\/2025\/02\/ASVOE-Profile.png\" alt=\"\" class=\"wp-image-1013\" srcset=\"https:\/\/www.islandpferde-wenzel.at\/wp-content\/uploads\/2025\/02\/ASVOE-Profile.png 300w, https:\/\/www.islandpferde-wenzel.at\/wp-content\/uploads\/2025\/02\/ASVOE-Profile-150x150.png 150w\" sizes=\"auto, (max-width: 300px) 100vw, 300px\" \/><\/figure>\n\n\n\n<figure class=\"wp-block-image size-large\"><img loading=\"lazy\" decoding=\"async\" width=\"192\" height=\"177\" data-id=\"1012\" src=\"https:\/\/www.islandpferde-wenzel.at\/wp-content\/uploads\/2025\/02\/oeps-1.jpg\" alt=\"\" class=\"wp-image-1012\"\/><\/figure>\n\n\n\n<figure class=\"wp-block-image size-large\"><img loading=\"lazy\" decoding=\"async\" width=\"514\" height=\"447\" data-id=\"1011\" src=\"https:\/\/www.islandpferde-wenzel.at\/wp-content\/uploads\/2025\/02\/OIV-1.jpg\" alt=\"\" class=\"wp-image-1011\" srcset=\"https:\/\/www.islandpferde-wenzel.at\/wp-content\/uploads\/2025\/02\/OIV-1.jpg 514w, https:\/\/www.islandpferde-wenzel.at\/wp-content\/uploads\/2025\/02\/OIV-1-300x261.jpg 300w\" sizes=\"auto, (max-width: 514px) 100vw, 514px\" \/><\/figure>\n<\/figure>\n","protected":false},"excerpt":{"rendered":"<p>Verein Islandpferdehof Mooskirchen Unser Verein ist Mitglied der \u00d6IV (\u00d6sterreichische Islandpferde Vereinigung) und des STPS (Steirischer Pferdesportverband), welcher Teil des OEPS (\u00d6sterreichischer Pferdesportverband) ist. Weiters sind wir Mitglied beim ASV\u00d6. Ziele: F\u00f6rderung der Ausbildung durch Abhaltung von Reitabzeichen, Fortbildungskursen f\u00fcr AusbildnerInnen. Teilnahme am Turniersport und an Zuchtveranstaltungen. Weiters F\u00f6rderung des Freizeitreitens, Abhaltung von Freizeitevents, Jugendf\u00f6rderung, [&hellip;]<\/p>\n","protected":false},"author":1,"featured_media":0,"parent":0,"menu_order":10,"comment_status":"closed","ping_status":"closed","template":"page-full-width.php","meta":{"footnotes":""},"class_list":["post-886","page","type-page","status-publish","hentry"],"_links":{"self":[{"href":"https:\/\/www.islandpferde-wenzel.at\/index.php?rest_route=\/wp\/v2\/pages\/886","targetHints":{"allow":["GET"]}}],"collection":[{"href":"https:\/\/www.islandpferde-wenzel.at\/index.php?rest_route=\/wp\/v2\/pages"}],"about":[{"href":"https:\/\/www.islandpferde-wenzel.at\/index.php?rest_route=\/wp\/v2\/types\/page"}],"author":[{"embeddable":true,"href":"https:\/\/www.islandpferde-wenzel.at\/index.php?rest_route=\/wp\/v2\/users\/1"}],"replies":[{"embeddable":true,"href":"https:\/\/www.islandpferde-wenzel.at\/index.php?rest_route=%2Fwp%2Fv2%2Fcomments&post=886"}],"version-history":[{"count":14,"href":"https:\/\/www.islandpferde-wenzel.at\/index.php?rest_route=\/wp\/v2\/pages\/886\/revisions"}],"predecessor-version":[{"id":1141,"href":"https:\/\/www.islandpferde-wenzel.at\/index.php?rest_route=\/wp\/v2\/pages\/886\/revisions\/1141"}],"wp:attachment":[{"href":"https:\/\/www.islandpferde-wenzel.at\/index.php?rest_route=%2Fwp%2Fv2%2Fmedia&parent=886"}],"curies":[{"name":"wp","href":"https:\/\/api.w.org\/{rel}","templated":true}]}}

<h2 class="wp-block-heading has-vivid-cyan-blue-color has-text-color"><strong>Verein Islandpferdehof Mooskirchen</strong></h2>



<p class="has-medium-font-size">Unser Verein ist Mitglied der ÖIV (Österreichische Islandpferde Vereinigung) und des STPS (Steirischer Pferdesportverband), welcher Teil des OEPS (Österreichischer Pferdesportverband) ist. Weiters sind wir Mitglied beim ASVÖ.</p>



<p class="has-medium-font-size">Ziele: Förderung der Ausbildung durch Abhaltung von Reitabzeichen, Fortbildungskursen für AusbildnerInnen. Teilnahme am Turniersport und an Zuchtveranstaltungen. Weiters Förderung des Freizeitreitens, Abhaltung von Freizeitevents, Jugendförderung, Erziehung zu sportlichem, teamfähigen Verhalten gegenüber Pferd und ReitkollegInnen, vorbildhaftes Leben des Tierschutzgedankens.</p>



<p class="has-medium-font-size">Kontakt für Anmeldungen: Monika Wenzel</p>



<p class="has-medium-font-size">Spenden und ehrenamtliche Mitarbeit sind jederzeit willkommen!</p>



<h2 class="wp-block-heading"><strong>Unsere Vorstandsmitglieder:</strong></h2>



<h3 class="wp-block-heading has-medium-font-size">Obfrau: Monika Wenzel</h3>



<figure class="wp-block-image size-large"><img loading="lazy" decoding="async" width="1024" height="681" src="http://www.islandpferde-wenzel.at/wp-content/uploads/2025/01/Moni-1024x681.jpg" alt="" class="wp-image-904" srcset="https://www.islandpferde-wenzel.at/wp-content/uploads/2025/01/Moni-1024x681.jpg 1024w, https://www.islandpferde-wenzel.at/wp-content/uploads/2025/01/Moni-300x200.jpg 300w, https://www.islandpferde-wenzel.at/wp-content/uploads/2025/01/Moni-768x511.jpg 768w, https://www.islandpferde-wenzel.at/wp-content/uploads/2025/01/Moni-1536x1022.jpg 1536w, https://www.islandpferde-wenzel.at/wp-content/uploads/2025/01/Moni-619x412.jpg 619w, https://www.islandpferde-wenzel.at/wp-content/uploads/2025/01/Moni.jpg 2048w" sizes="auto, (max-width: 1024px) 100vw, 1024px" /></figure>



<p></p>



<p class="has-white-color has-text-color has-link-color wp-elements-5cc050019e1409c6c654a23b07cd0d57">XXXXXXXXXXXXX</p>



<h3 class="wp-block-heading has-medium-font-size">Obfrau Stellvertreterin und Sportreferentin: Karo Wenzel</h3>



<figure class="wp-block-image size-large"><img loading="lazy" decoding="async" width="1024" height="683" src="http://www.islandpferde-wenzel.at/wp-content/uploads/2025/01/Karo-1024x683.jpg" alt="" class="wp-image-903" srcset="https://www.islandpferde-wenzel.at/wp-content/uploads/2025/01/Karo-1024x683.jpg 1024w, https://www.islandpferde-wenzel.at/wp-content/uploads/2025/01/Karo-300x200.jpg 300w, https://www.islandpferde-wenzel.at/wp-content/uploads/2025/01/Karo-768x512.jpg 768w, https://www.islandpferde-wenzel.at/wp-content/uploads/2025/01/Karo-1536x1025.jpg 1536w, https://www.islandpferde-wenzel.at/wp-content/uploads/2025/01/Karo-619x413.jpg 619w, https://www.islandpferde-wenzel.at/wp-content/uploads/2025/01/Karo.jpg 2048w" sizes="auto, (max-width: 1024px) 100vw, 1024px" /></figure>



<h2 class="wp-block-heading has-white-color has-text-color has-link-color wp-elements-252f70de31c25aa5a6ff59f1e07672ce">xxxxxxxxxxxxxxxxxxxxx</h2>



<p></p>



<h3 class="wp-block-heading has-medium-font-size">Schriftführer und Jugendreferentin: Kerstin Baumgartner</h3>



<figure class="wp-block-image size-large"><img loading="lazy" decoding="async" width="1024" height="681" src="http://www.islandpferde-wenzel.at/wp-content/uploads/2025/01/Kerstin-1024x681.jpg" alt="" class="wp-image-905" srcset="https://www.islandpferde-wenzel.at/wp-content/uploads/2025/01/Kerstin-1024x681.jpg 1024w, https://www.islandpferde-wenzel.at/wp-content/uploads/2025/01/Kerstin-300x200.jpg 300w, https://www.islandpferde-wenzel.at/wp-content/uploads/2025/01/Kerstin-768x511.jpg 768w, https://www.islandpferde-wenzel.at/wp-content/uploads/2025/01/Kerstin-1536x1022.jpg 1536w, https://www.islandpferde-wenzel.at/wp-content/uploads/2025/01/Kerstin-619x412.jpg 619w, https://www.islandpferde-wenzel.at/wp-content/uploads/2025/01/Kerstin.jpg 2048w" sizes="auto, (max-width: 1024px) 100vw, 1024px" /></figure>



<p class="has-white-color has-text-color has-link-color wp-elements-0eb3073c8bb10f649adcd931bdfffbda">XXXXXXXXXXXXXX</p>



<p></p>



<h3 class="wp-block-heading has-medium-font-size">Schriftführer Stellvertreter: Sabrina Hammer</h3>



<h2 class="wp-block-heading has-white-color has-text-color has-link-color wp-elements-5c1f1af5a0771fbecb5c31c033d84dbf">xxxxx</h2>



<p></p>



<h3 class="wp-block-heading has-medium-font-size">Kassier: Herwig Schöfer</h3>



<figure class="wp-block-image size-large"><img loading="lazy" decoding="async" width="1024" height="683" src="http://www.islandpferde-wenzel.at/wp-content/uploads/2025/01/Herwig-1024x683.jpg" alt="" class="wp-image-902" srcset="https://www.islandpferde-wenzel.at/wp-content/uploads/2025/01/Herwig-1024x683.jpg 1024w, https://www.islandpferde-wenzel.at/wp-content/uploads/2025/01/Herwig-300x200.jpg 300w, https://www.islandpferde-wenzel.at/wp-content/uploads/2025/01/Herwig-768x512.jpg 768w, https://www.islandpferde-wenzel.at/wp-content/uploads/2025/01/Herwig-1536x1025.jpg 1536w, https://www.islandpferde-wenzel.at/wp-content/uploads/2025/01/Herwig-619x413.jpg 619w, https://www.islandpferde-wenzel.at/wp-content/uploads/2025/01/Herwig.jpg 2048w" sizes="auto, (max-width: 1024px) 100vw, 1024px" /></figure>



<h3 class="wp-block-heading"></h3>



<h2 class="wp-block-heading has-white-color has-text-color has-link-color wp-elements-a7715ae9da810381ba0b4648d316852d">xxxxxxxxxxxxxxxxxxx</h2>



<h3 class="wp-block-heading has-medium-font-size">Jugendreferent Stellvertreter: Sabrina Pirmajer</h3>



<figure class="wp-block-image size-full"><img loading="lazy" decoding="async" width="565" height="565" src="http://www.islandpferde-wenzel.at/wp-content/uploads/2022/06/Sabrina-1-edited.jpeg" alt="" class="wp-image-784" srcset="https://www.islandpferde-wenzel.at/wp-content/uploads/2022/06/Sabrina-1-edited.jpeg 565w, https://www.islandpferde-wenzel.at/wp-content/uploads/2022/06/Sabrina-1-edited-300x300.jpeg 300w, https://www.islandpferde-wenzel.at/wp-content/uploads/2022/06/Sabrina-1-edited-150x150.jpeg 150w" sizes="auto, (max-width: 565px) 100vw, 565px" /></figure>



<h2 class="wp-block-heading has-white-color has-text-color has-link-color wp-elements-a7b6c128ad063c069da4353563534e63">xxxxxxxxxxxxxxxxx</h2>



<p></p>



<h3 class="wp-block-heading has-medium-font-size">Öffentlichkeitsreferent: Anita Martens</h3>



<figure class="wp-block-image size-large"><img loading="lazy" decoding="async" width="1024" height="683" src="http://www.islandpferde-wenzel.at/wp-content/uploads/2025/01/Anita-1024x683.jpg" alt="" class="wp-image-906" srcset="https://www.islandpferde-wenzel.at/wp-content/uploads/2025/01/Anita-1024x683.jpg 1024w, https://www.islandpferde-wenzel.at/wp-content/uploads/2025/01/Anita-300x200.jpg 300w, https://www.islandpferde-wenzel.at/wp-content/uploads/2025/01/Anita-768x512.jpg 768w, https://www.islandpferde-wenzel.at/wp-content/uploads/2025/01/Anita-1536x1025.jpg 1536w, https://www.islandpferde-wenzel.at/wp-content/uploads/2025/01/Anita-619x413.jpg 619w, https://www.islandpferde-wenzel.at/wp-content/uploads/2025/01/Anita.jpg 2048w" sizes="auto, (max-width: 1024px) 100vw, 1024px" /></figure>



<h2 class="wp-block-heading has-white-color has-text-color has-link-color wp-elements-5b9d5972076536665ba4ad9db39b44ab">xxxxxxxxxxxxxxxxxx</h2>



<p></p>



<h3 class="wp-block-heading has-medium-font-size">Kassaprüfer: Peter Tinnacher</h3>



<h3 class="wp-block-heading has-medium-font-size">Kassaprüfer Stellvertreter: Mag. Christoph Rappold</h3>



<p></p>



<figure class="wp-block-gallery has-nested-images columns-default is-cropped wp-block-gallery-1 is-layout-flex wp-block-gallery-is-layout-flex">
<figure class="wp-block-image size-large"><img loading="lazy" decoding="async" width="300" height="300" data-id="1013" src="https://www.islandpferde-wenzel.at/wp-content/uploads/2025/02/ASVOE-Profile.png" alt="" class="wp-image-1013" srcset="https://www.islandpferde-wenzel.at/wp-content/uploads/2025/02/ASVOE-Profile.png 300w, https://www.islandpferde-wenzel.at/wp-content/uploads/2025/02/ASVOE-Profile-150x150.png 150w" sizes="auto, (max-width: 300px) 100vw, 300px" /></figure>



<figure class="wp-block-image size-large"><img loading="lazy" decoding="async" width="192" height="177" data-id="1012" src="https://www.islandpferde-wenzel.at/wp-content/uploads/2025/02/oeps-1.jpg" alt="" class="wp-image-1012"/></figure>



<figure class="wp-block-image size-large"><img loading="lazy" decoding="async" width="514" height="447" data-id="1011" src="https://www.islandpferde-wenzel.at/wp-content/uploads/2025/02/OIV-1.jpg" alt="" class="wp-image-1011" srcset="https://www.islandpferde-wenzel.at/wp-content/uploads/2025/02/OIV-1.jpg 514w, https://www.islandpferde-wenzel.at/wp-content/uploads/2025/02/OIV-1-300x261.jpg 300w" sizes="auto, (max-width: 514px) 100vw, 514px" /></figure>
</figure>

<p>Verein Islandpferdehof Mooskirchen Unser Verein ist Mitglied der ÖIV (Österreichische Islandpferde Vereinigung) und des STPS (Steirischer Pferdesportverband), welcher Teil des OEPS (Österreichischer Pferdesportverband) ist. Weiters sind wir Mitglied beim ASVÖ. Ziele: Förderung der Ausbildung durch Abhaltung von Reitabzeichen, Fortbildungskursen für AusbildnerInnen. Teilnahme am Turniersport und an Zuchtveranstaltungen. Weiters Förderung des Freizeitreitens, Abhaltung von Freizeitevents, Jugendförderung, [&hellip;]</p>
